m(0)?
11
Let m(l) = 5*l**2 + 5*l + 8. What is the remainder when m(-3) is divided by 8?
6
What is the remainder when 108 is divided by 1640/75 + 2/15?
20
Let k be 1/((-1)/2*-2). Let i be k/2*(1 - -23). Calculate the remainder when 22 is divided by 1/(-2)*-2*i.
10
What is the remainder when 67 is divided by 1/(-3) - (-140)/6?
21
Let s = 43 + 26. Calculate the remainder when s is divided by (27/5)/(365/50 + -7).
15
Let a(o) = -o + 13. What is the remainder when a(4) is divided by 2?
1
Suppose -35 = o - 2*o. Suppose -3*l = -3*y + 18, 2*y = -4*l + 7 + o. What is the remainder when y is divided by 9/(-1*6/(-4))?
5
What is the remainder when 56 is divided by 11 - -4 - -3 - 3?
11
Let c = -6 + 13. Suppose 0 = 7*i - 2*i - 10. Calculate the remainder when c is divided by i.
1
Suppose 3*b + 14 = 89. Calculate the remainder when b is divided by 9.
7
Suppose -4*w + 208 = -2*y, w + 2*y = -0*w + 57. Let b = 24 + -10. What is the remainder when w is divided by b?
11
Let f = 35 - 21. Let m = 18 - 13. Let a = m + 3. What is the remainder when f is divided by a?
6
Let z(j) = 2*j - 3. Calculate the remainder when z(21) is divided by 10.
9
Let b(o) = 2*o**2 - 5*o - 3. Let i be b(4). Suppose -12*m + 24 = -i*m. Calculate the remainder when m is divided by 3.
2
Let g = -30 + 81. Let d(x) = 3*x**2 + 9*x + 19. Calculate the remainder when g is divided by d(-2).
12
Suppose -3*f - 326 = -f. Let j = f + 251. Calculate the remainder when j is divided by 18.
16
Suppose 3*l - 5*w = 1587 + 609, 5*w = 5*l - 3660. Let x be l/(-14) - 2/(-7). Let g = 87 + x. What is the remainder when g is divided by 12?
11
Suppose 3 + 2 = -2*w + 5*z, -w + 4*z - 7 = 0. Suppose l - 29 = -w*j, l - 36 = -3*j - 13. What is the remainder when 26 is divided by l?
12
Let s = 34 - 18. Calculate the remainder when 93 is divided by s.
13
Suppose 0 = 5*h - 3*h + 194. Let v = -59 - h. Let c(t) = -3*t + 5. What is the remainder when v is divided by c(-5)?
18
Let k be (-2)/(4 - 18/4). Suppose p = -0*p + n + 66, 2*p - k*n = 138. What is the remainder when p is divided by 13?
11
What is the remainder when 83 is divided by (-4 + -16)*6/(-8)?
8
Suppose 3*a + 3*r - 105 = 0, 5*a + 6*r - 2*r - 171 = 0. Suppose 5*t - 59 - a = 0. Calculate the remainder when t is divided by 7.
4
Let x(v) = v**3 + 3*v**2 + 3*v + 2. Let y be x(-2). Let z(c) = c**2 + 2. Let n be z(y). Suppose -7 = n*f - 35. What is the remainder when f is divided by 5?
4
Let d = 10 - 6. Suppose -d*z = -2*z - 30. What is the remainder when 59 is divided by z?
14
Suppose -5*p = -4*p - 17. Calculate the remainder when 65 is divided by p.
14
Calculate the remainder when 81 is divided by (-105)/(-6)*(0 - (-8)/10).
11
Let m(c) = c - 17. Let t(v) = -v + 17. Let i(d) = -3*m(d) - 2*t(d). Calculate the remainder when i(10) is divided by 3.
1
Let i(v) = 10*v + 2. What is the remainder when i(4) is divided by 11?
9
Suppose 0*u + 27 = p + 2*u, -5*p - u + 90 = 0. Calculate the remainder when 82 is divided by p.
14
Suppose -8 = -3*z + 4. Let g(h) = h**3 - 2*h**2 - 2*h - 5. Calculate the remainder when 35 is divided by g(z).
16
Let q(d) = -3*d - 8. What is the remainder when 38 is divided by q(-6)?
8
Suppose -a + 4*a - 351 = 0. Let d = a - 74. Suppose 0 = -2*v + 3*v + 3*o, 4*o + 5 = -v. What is the remainder when d is divided by v?
13
Let r(y) = 4*y**2 + 2*y + 1. Let m be r(-4). Suppose -5*g = s - 5 - 2, -3*g = 5*s - m. Let c(q) = -2*q + 1. What is the remainder when s is divided by c(-3)?
5
Let r(f) = -f**2 + f - 1. Let t(k) = k**2 - 2*k + 2. Let d(u) = 5*r(u) + 6*t(u). What is the remainder when 20 is divided by d(7)?
6
Suppose -2*o + u = -23, -u = -5*o - 3 + 59. Suppose 2*t - 8 - o = s, 0 = -s - 3. Calculate the remainder when 30 is divided by t.
6
Let l(v) = 4*v**2 + 4. Suppose -2*t + m = -4, t - 20 = -2*t + 5*m. Calculate the remainder when l(3) is divided by -1 - t - (-5 + -10).
12
What is the remainder when 9 is divided by ((-8)/(-10))/(7/35)?
1
Suppose 0 = -5*z + 19 + 66. What is the remainder when 48 is divided by z?
14
Let f(b) = b**3 + 4*b**2 + 3*b + 4. Let v be f(-3). Let z = v + -2. Suppose -36 = -z*r - 0*r. What is the remainder when 34 is divided by r?
16
Let a be ((-4)/3)/(2/(-6)). Suppose a*s - 3 = 41. Calculate the remainder when 20 is divided by s.
9
Let a(q) = -q**3 - q**2 + 5*q + 2. Let c be (0 + 4)/((-2)/2). What is the remainder when a(c) is divided by 11?
8
Let v = -9 + 17. Calculate the remainder when v is divided by 5.
3
Calculate the remainder when 12 is divided by ((-5)/2 - -2)*-12 - 1.
2
Let q be (3 + -1)*6/4. Let l(z) = -z**2 + 6*z - 3. What is the remainder when 22 is divided by l(q)?
4
Let a = 18 - 13. Calculate the remainder when 19 is divided by a.
4
Let t be (-3 - (1 - -60))/(-1). Suppose -3*c + t = -17. What is the remainder when c is divided by 10?
7
Let y be 0/(9/3) - 5. Calculate the remainder when (-1*2)/(y/65) is divided by 9.
8
Let s(m) = m**3 + 11*m**2 + m + 18. What is the remainder when 34 is divided by s(-11)?
6
Let r(o) = 7*o**3 + 2*o**2 - 8*o + 10. What is the remainder when r(2) is divided by 3?
1
Let m be (-6)/33 - 150/22. What is the remainder when (m/(-4) + -1)*48 is divided by 19?
17
Let k = 9 + -7. Suppose 2*z = -z + 18. Calculate the remainder when z is divided by k.
0
Let f(q) be the second derivative of -q**4/12 - 11*q**3/6 - 4*q**2 - 3*q. What is the remainder when 79 is divided by f(-4)?
19
Let s = 7 - 1. Let h be 3 - 1 - s/(-2). Suppose r + 2*r - 3 = -h*m, m - 19 = 4*r. Calculate the remainder when 8 is divided by m.
2
Suppose -n - 24 + 1 = 0. What is the remainder when (-2)/2*(n + 3) is divided by 4/(-6) + 35/3?
9
Suppose -187 = -a + 3. Suppose -a = -5*s + 3*x, 3*x + 165 = 5*s + 5*x. What is the remainder when s is divided by 12*(4 - (1 - -2))?
11
Let c(j) = 100*j. What is the remainder when c(1) is divided by 34?
32
Let p(j) be the third derivative of -j**4/12 - j**3 + 2*j**2. Let i(t) = -t**3 - 2*t**2 - t - 1. Calculate the remainder when i(-4) is divided by p(-9).
11
Suppose -4 = -4*b + 12. Suppose 28 = 8*x - b*x. Suppose x*o - 25 = 2*o. What is the remainder when 14 is divided by o?
4
Suppose 4*d = -3*d + 238. Calculate the remainder when d is divided by 12.
10
Suppose 3*m - 8 = 7. Suppose -2*g = -m*b + 6, -5*b - 3*g = -2*b - 12. What is the remainder when b is divided by (-10)/(-6) + (-1)/(-3)?
0
Let p(v) = 3*v - 4. Suppose 5*f - 26 = -3*u - u, 0 = -2*u + 3*f + 2. Let h(l) = -l**3 - 7*l**2 - 2*l + 9. What is the remainder when h(-7) is divided by p(u)?
7
Let l be (18/4)/(9/48). Suppose 0*s = -4*s + l. What is the remainder when s is divided by 4?
2
Suppose 0*n = -6*n + 48. Let m = 297 - 167. Suppose 3 = -j - 2, 5*d - 3*j - m = 0. Calculate the remainder when d is divided by n.
7
Let b(a) = -15. Let l(m) = -m + 1. Let p(i) = b(i) + 2*l(i). What is the remainder when 11 is divided by p(-10)?
4
Let t(a) = -21*a + 2. What is the remainder when t(-3) is divided by 17?
14
Suppose 4*j - 266 = -3*c, -52 = -2*c - j + 127. What is the remainder when c is divided by 23?
21
What is the remainder when 37 is divided by (-82)/(-6) + 6/(-9)?
11
Let o = -1 + 3. Suppose 264 = o*p + 2*p. What is the remainder when p is divided by ((-11)/44)/((-1)/68)?
15
Suppose 28 - 83 = -5*c. What is the remainder when c is divided by 5?
1
Suppose 0 = 4*q - 2*b - 40, b = -4*q + 4*b + 44. Let d = -5 + 8. Suppose d*w - 23 = -q. Calculate the remainder when 8 is divided by w.
3
Suppose 30 = n + 2*n. Calculate the remainder when 26 is divided by n.
6
Let d = 124 - 56. Suppose -2*w = -4*w - m + 22, 4*w = 4*m + d. What is the remainder when 36 is divided by w?
10
Suppose -229 = -3*h - 73. Let t = -81 - -99. Calculate the remainder when h is divided by t.
16
What is the remainder when (-8)/(-12)*33 - 1 is divided by 8?
5
Suppose c - 3*z = -c + 6, -z = -4*c + 22. Suppose c*s + 35 = 3*t + s, -3*s + 51 = 3*t. What is the remainder when 28 is divided by t?
13
Let y = -14 - -19. What is the remainder when y is divided by 3?
2
Suppose -9 = -b + 1. Calculate the remainder when 17 is divided by b.
7
Suppose -f = 5, m = 2*f + 3*f + 146. Calculate the remainder when m is divided by 62.
59
Suppose -l - 3*g - g = -2, 0 = -5*l + g + 10. Let y be 0 - ((-8)/l - 0). Suppose -8 + 48 = y*b. Calculate the remainder when b is divided by 6.
4
Let p(z) = -4*z - 2